y 3.
0
What is the remainder when 68 is divided by 7?
5
What is the remainder when 227 is divided by 34?
23
What is the remainder when 186 is divided by 22?
10
Calculate the remainder when 55426 is divided by 186.
184
What is the remainder when 1436 is divided by 101?
22
What is the remainder when 23361 is divided by 44?
41
Calculate the remainder when 150 is divided by 39.
33
Calculate the remainder when 370 is divided by 38.
28
What is the remainder when 5115 is divided by 119?
117
Calculate the remainder when 140 is divided by 27.
5
Calculate the remainder when 141 is divided by 18.
15
What is the remainder when 2041 is divided by 671?
28
What is the remainder when 235 is divided by 34?
31
What is the remainder when 623 is divided by 57?
53
Calculate the remainder when 55 is divided by 15.
10
What is the remainder when 746 is divided by 187?
185
Calculate the remainder when 411 is divided by 1.
0
Calculate the remainder when 242 is divided by 37.
20
Calculate the remainder when 6939 is divided by 32.
27
What is the remainder when 778 is divided by 221?
115
Calculate the remainder when 1797 is divided by 8.
5
Calculate the remainder when 162 is divided by 43.
33
Calculate the remainder when 10 is divided by 2.
0
What is the remainder when 304 is divided by 22?
18
What is the remainder when 296 is divided by 23?
20
Calculate the remainder when 531 is divided by 90.
81
What is the remainder when 150 is divided by 51?
48
Calculate the remainder when 1908 is divided by 239.
235
Calculate the remainder when 1110 is divided by 11.
10
What is the remainder when 733 is divided by 201?
130
Calculate the remainder when 213 is divided by 80.
53
What is the remainder when 472 is divided by 13?
4
Calculate the remainder when 1530 is divided by 63.
18
What is the remainder when 6228 is divided by 70?
68
Calculate the remainder when 559 is divided by 20.
19
Calculate the remainder when 34 is divided by 5.
4
What is the remainder when 269 is divided by 10?
9
Calculate the remainder when 5722 is divided by 59.
58
Calculate the remainder when 50 is divided by 13.
11
What is the remainder when 3296 is divided by 254?
248
What is the remainder when 489 is divided by 34?
13
What is the remainder when 1085 is divided by 101?
75
What is the remainder when 972 is divided by 201?
168
What is the remainder when 573 is divided by 26?
1
What is the remainder when 397 is divided by 21?
19
What is the remainder when 340 is divided by 49?
46
What is the remainder when 1166 is divided by 91?
74
What is the remainder when 32448 is divided by 19?
15
Calculate the remainder when 28 is divided by 7.
0
Calculate the remainder when 1698 is divided by 9.
6
Calculate the remainder when 1180 is divided by 28.
4
What is the remainder when 207 is divided by 14?
11
Calculate the remainder when 483 is divided by 476.
7
Calculate the remainder when 8537 is divided by 20.
17
What is the remainder when 81 is divided by 43?
38
Calculate the remainder when 2666 is divided by 7.
6
Calculate the remainder when 55 is divided by 20.
15
Calculate the remainder when 27837 is divided by 29.
26
What is the remainder when 818 is divided by 108?
62
What is the remainder when 508 is divided by 246?
16
What is the remainder when 126 is divided by 22?
16
What is the remainder when 472 is divided by 43?
42
Calculate the remainder when 40 is divided by 18.
4
What is the remainder when 2297 is divided by 25?
22
Calculate the remainder when 1083 is divided by 509.
65
Calculate the remainder when 443 is divided by 64.
59
Calculate the remainder when 585 is divided by 84.
81
What is the remainder when 875 is divided by 10?
5
Calculate the remainder when 1311 is divided by 153.
87
What is the remainder when 2863 is divided by 954?
1
What is the remainder when 334 is divided by 42?
40
What is the remainder when 1173 is divided by 84?
81
What is the remainder when 1532 is divided by 101?
17
What is the remainder when 346 is divided by 331?
15
What is the remainder when 117 is divided by 53?
11
Calculate the remainder when 2877 is divided by 206.
199
Calculate the remainder when 368 is divided by 342.
26
What is the remainder when 126 is divided by 33?
27
Calculate the remainder when 186 is divided by 33.
21
Calculate the remainder when 167 is divided by 108.
59
Calculate the remainder when 501 is divided by 72.
69
What is the remainder when 1477 is divided by 13?
8
What is the remainder when 107 is divided by 22?
19
Calculate the remainder when 840 is divided by 93.
3
Calculate the remainder when 149 is divided by 75.
74
What is the remainder when 328 is divided by 7?
6
Calculate the remainder when 235 is divided by 17.
14
Calculate the remainder when 96 is divided by 9.
6
Calculate the remainder when 25 is divided by 4.
1
Calculate the remainder when 566 is divided by 35.
6
What is the remainder when 12220 is divided by 101?
100
Calculate the remainder when 618 is divided by 16.
10
Calculate the remainder when 13 is divided by 7.
6
Calculate the remainder when 2741 is divided by 45.
41
What is the remainder when 72 is divided by 25?
22
Calculate the remainder when 153 is divided by 46.
15
Calculate the remainder when 398 is divided by 92.
30
Calculate the remainder when 184 is divided by 47.
43
Calculate the remainder when 946 is divided by 34.
28
What is the remainder when 327 is divided by 168?
159
What is the remainder when 1075 is divided by 49?
46
What is the remainder when 143 is divided by 15?
8
Calculate the remainder when 846 is divided by 46.
18
Calculate the remainder when 624 is divided by 61.
14
What is the remainder when 1035 is divided by 19?
9
What is the remainder when 289 is divided by 73?
70
Calculate the remainder when 356 is divided by 33.
26
Calculate the remainder when 221 is divided by 76.
69
Calculate the remainder when 3803 is divided by 28.
23
Calculate the remainder when 79 is divided by 22.
13
What is the remainder when 89 is divided by 26?
11
Calculate the remainder when 6846 is divided by 70.
56
Calculate the remainder when 862 is divided by 182.
134
What is the remainder when 4533 is divided by 72?
69
Calculate the remainder when 219 is divided by 17.
15
Calculate the remainder when 137 is divided by 51.
35
Calculate the remainder when 177 is divided by 10.
7
What is the remainder when 1019 is divided by 125?
19
What is the remainder when 325 is divided by 170?
155
Calculate the remainder when 564 is divided by 71.
67
What is the remainder when 66 is divided by 57?
9
Calculate the remainder when 37 is divided by 12.
1
Calculate the remainder when 77 is divided by 41.
36
What is the remainder when 433 is divided by 6?
1
What is the remainder when 58 is divided by 23?
12
Calculate the remainder when 131 is divided by 15.
11
What is the remainder when 2612 is divided by 866?
14
Calculate the remainder when 338 is divided by 31.
28
What is the remainder when 58 is divided by 5?
3
What is the remainder when 285 is divided by 58?
53
What is the remainder when 50 is divided by 19?
12
What is the remainder when 490 is divided by 53?
13
What is the remainder when 95 is divided by 17?
10
What is the remainder when 3073 is divided by 41?
39
What is the remainder when 266 is divided by 119?
28
Calculate the remainder when 59 is divided by 26.
7
What is the remainder when 3793 is divided by 45?
13
What is the remainder when 845 is divided by 214?
203
Calculate the remainder when 527 is divided by 70.
37
Calculate the remainder when 380 is divided by 30.
20
What is the remainder when 2859 is divided by 20?
19
Calculate the remainder when 6620 is divided by 36.
32
What is the remainder when 1123 is divided by 25?
23
What is the remainder when 85 is divided by 34?
17
What is the remainder when 3740 is divided by 24?
20
What is the remainder when 833 is divided by 31?
27
Calculate the remainder when 231 is divided by 27.
15
Calculate the remainder when 228 is divided by 72.
12
Calculate the remainder when 180 is divided by 179.
1
Calculate the remainder when 1246 is divided by 16.
14
What is the remainder when 653 is divided by 322?
9
What is the remainder when 53 is divided by 50?
3
Calculate the remainder when 192 is divided by 15.
12
Calculate the remainder when 1226 is divided by 395.
41